g - w. Let s(b) be the second derivative of 3*b**5/20 - b**4/12 + b**2 + 24082*b. Give s(g).
-26
Let i = -5818 - -5820. Let y(k) be the second derivative of -k**4/12 + k**3/3 - 2*k**2 + 5*k. Determine y(i).
-4
Let a(d) = -69*d + 487. Let s be a(7). Let f(g) be the third derivative of 1/20*g**5 + 1/3*g**3 - 5/24*g**s + 12*g**2 + 0*g + 0. Give f(3).
14
Suppose -11 = 2*j - 3*v, 2*j + 7*v - 46 = -27. Let a(x) = 7*x**3 - x**2 - x - 1. Determine a(j).
-8
Let g(m) = 9*m**2 - 1. Let b be ((-111)/(-555))/(1/(-5)). Calculate g(b).
8
Let u(v) = -v**2 - 19*v + 563. Let q be u(-35). Let p(i) = -i**2 + 7*i - 7. Determine p(q).
5
Let d(w) = 2*w**2 + 60*w + 97. Let z(j) = -j**2 - 29*j - 43. Let v(u) = 4*d(u) + 9*z(u). Calculate v(0).
1
Suppose 4 = -m + 9. Suppose 10 + m = -2*l - 3*q, -5*l + q = -5. Let d(h) = -h + 8. Determine d(l).
8
Suppose -2*j = 10, -q + 35 = q - 5*j. Suppose -d - 4 = -3. Let t(f) = f**2 + 4*f. Let v(m) = m**2 + 1. Let k(s) = d*t(s) + 2*v(s). Give k(q).
7
Let x(n) be the second derivative of -n**4/12 + 4*n**3 + 3*n**2 - 901*n. What is x(24)?
6
Let w(n) be the third derivative of -n**8/1680 - n**6/720 + 7*n**4/3 - 53*n**2. Let t(i) be the second derivative of w(i). Determine t(1).
-5
Suppose 3*f - 92*y + 20 = -91*y, -2*y = 8. Let k(w) = 2*w**2 + 8*w + 4. What is k(f)?
68
Suppose 36*q - 63 = -351. Let k(b) = -b**2 - 11*b - 2. Give k(q).
22
Let x(q) be the second derivative of 4*q**3/3 + 9*q**2/2 + 915*q. Calculate x(6).
57
Let b(g) = -62*g + 62. Let x(c) = -c**3 + 4*c**2 + 138*c + 29. Let d be x(14). What is b(d)?
0
Let o(g) be the first derivative of g**7/105 - g**6/180 + g**4/24 + 3*g**3 + 63. Let x(c) be the third derivative of o(c). Determine x(1).
7
Let t(l) = -2*l**2 - 106*l - 60. Let u(k) = -3*k**2 - 153*k - 90. Let b(x) = -7*t(x) + 5*u(x). Determine b(-23).
-30
Let o(r) = 6*r - 21. Let f(s) = -3*s + 10. Let g(x) = 9*f(x) + 4*o(x). Suppose 2*q - 92 = -5*t, -2*t + 0*t = 3*q - 39. Suppose t*n = 111 - 3. Calculate g(n).
-12
Suppose -18*i - 5*i - 47*i = 560. Let z(k) be the second derivative of -k**5/20 - 2*k**4/3 + k**3 - 5*k**2 - 2*k. Calculate z(i).
-58
Suppose -37*x = 55*x + 2760. Let y(d) = -d**3 - 30*d**2 - d - 18. Calculate y(x).
12
Let y(x) = 315*x - 551*x + 228*x + 118. What is y(15)?
-2
Let g(f) = -f**3 - 38*f**2 + 57*f + 43. Let b(x) = -3*x**3 - 82*x**2 + 120*x + 88. Let y(k) = -2*b(k) + 5*g(k). Calculate y(24).
-33
Let j(b) = -b**2 - 7*b - 10. Let l be (100/30)/(((-20)/(-6))/5). Let t be l*-1 + -7 + 4. Determine j(t).
-18
Let j(c) = c**3 - 3*c**2 - 7*c - 15. Let v(a) = -3*a**2 - 132*a + 140. Let q be v(-45). Give j(q).
0
Let l(h) be the third derivative of h**6/120 + 3*h**5/20 + h**4/2 + 11*h**3/6 - h**2. Suppose -5*w = 3*j - 11, 1447*j - 35 = 1447*j - 5*w. Determine l(j).
-21
Let l = 42 - 52. Let v be 6 - ((-16)/10 - l/(-25)). Suppose 6 = v*p - 42. Let n(j) = -j**3 + 5*j**2 + 5*j + 2. Determine n(p).
-4
Let l(r) = -r**2 + 4*r + 8. Let s(g) = -g**3 + 4*g**2 + 10*g - 5. Let o be s(7). Let p = o - -31. Let d = p - -57. What is l(d)?
-4
Let y(x) = -6*x + 2. Suppose -6 = c + 3*r, -5*c + 3*r + 19 + 5 = 0. Suppose 4*i + 2*n - 3 = -c*n, 0 = -3*n - 3. Suppose -4*t = -3*t + i. Give y(t).
14
Let u(a) be the first derivative of -3*a**2/2 - 6*a - 25. Let z be (-2)/(-6) - (5 - 264/(-36)). Give u(z).
30
Let z(k) = -26*k**2 - 22*k + 18. Let d(j) = -11*j**2 - 10*j + 9. Let m(r) = -7*d(r) + 3*z(r). Suppose 59 = 7*f + 3. Give m(f).
-41
Let f = 1835 - 1267. Let o(y) = -568*y + 1 + y**2 + f*y. Calculate o(1).
2
Let h(j) = -206*j - 202. Let k(v) = 60*v + 67. Let a(u) = 2*h(u) + 7*k(u). Determine a(0).
65
Let n(v) = -v**3 + v**2 - v + 2. Let p = -42 + 86. Let t(j) = -p + 19 + 24 + j. Let o be t(1). Give n(o).
2
Let p = 239 - 244. Let b(y) = y**3 + 8*y**2 + 14*y. Let i be b(p). Let v(a) be the first derivative of -a**4/4 + 4*a**3/3 + 3*a**2 + 2*a - 1. Give v(i).
7
Let k(y) be the second derivative of y**6/720 - y**5/30 + 5*y**4/12 - y**2/2 - 60*y - 1. Let u(d) be the third derivative of k(d). Calculate u(4).
0
Let q = 7495/6 + -1249. Let n(b) be the second derivative of q*b**3 - 13*b + 1/12*b**4 - 1/20*b**5 + 0 - b**2. Determine n(2).
-4
Let d(p) = p**3 + 10*p**2 + p + 3. Let n be 1/((-5)/(-15))*52. Suppose 0 = 160*q - n*q + 40. Calculate d(q).
-7
Let z(h) = 5*h**2 - 4*h + 2. Let d(r) be the first derivative of 13*r**3/3 - 11*r**2/2 + 7*r - 99. Let w(k) = 3*d(k) - 8*z(k). Give w(-4).
-7
Let w(m) = 7*m**2 - 5*m - 17. Let i(s) = -3*s**2 + 3*s + 7. Let j = -354 - -352. Let d(z) = j*w(z) - 5*i(z). Let t be -7*1*12/(-14). What is d(t)?
5
Let o(p) = -p**2 + 7*p - 3. Suppose 1 = v - 4*q + 5*q, -3*v + 2 = 2*q. Suppose 2*d + v*d + n = 12, 17 = 5*d - 4*n. Calculate o(d).
7
Let p(o) = 5*o**3 - 2*o**2 - 2*o - 1. Suppose 587 - 158 = 13*a. Suppose 10*t = 7*t + a. Suppose -10*w + 1 = -t*w. Give p(w).
-6
Let s(k) = -83*k**2 + 34*k**2 + 16*k + 16*k**2 + 34*k**2. Determine s(-18).
36
Let f(b) be the first derivative of b**5/5 - b**3/6 + 48*b + 56. Let k(h) be the first derivative of f(h). What is k(-1)?
-3
Let k(w) = w. Suppose 30 = 80*s - 74*s. Suppose 0 = -3*a + 2 - s, 3*x = -4*a - 37. Give k(x).
-11
Let b be (-1)/(18/(-28) - (897/91 + -9)). Let l(p) be the first derivative of 4 - b*p**3 + 2*p - p**2. Give l(-3).
-10
Suppose -4*g + 16 = p + p, -4*g - 5*p = -28. Let y(v) be the third derivative of v**4/24 + v**3/3 - 17*v**2 + 2*v + 1. Calculate y(g).
4
Let i(p) = 3*p + 72. Let m = 24 + -47. Let d be i(m). Let r(g) = -4*g**2 - 1038 + 0*g + 1040 + g**3 + 2*g**2 + d*g. Calculate r(3).
20
Let c = 4 - 1. Let j(i) be the third derivative of i**6/120 - i**5/20 + i**4/8 - i**3/2 + 563*i**2 + 5*i. Give j(c).
6
Let g(v) be the second derivative of 9*v**5/20 - v**3/6 + 5*v. Let q = -2563 + 2564. Calculate g(q).
8
Suppose 10 = -20*n + 690. Suppose 3*o + 5*x + 26 = 0, -36*o + n*o = -2*x - 4. Let w(r) = r**3 + 2*r**2 + 2*r + 2. Give w(o).
-2
Let h = -4485 + 4473. Let w(l) = -7*l + 11. Give w(h).
95
Let j(x) = 9*x**2 + x. Let a be 150/8 - -2 - 16/(-64). Suppose 8*z - 9*z + f = -1, 5*f + a = -3*z. Give j(z).
34
Let t(n) be the second derivative of -n**5/20 + 7*n**4/6 + 31*n**3/6 + 21*n**2/2 - 202*n - 15. Calculate t(16).
5
Let u(z) = -z**3 + 6*z**2 + 13*z - 5. Let k be u(8). Let d = k - -45. Let h(a) = -61*a**2 + d*a**2 + a + 2 + 20*a**2 + 24*a**2. Determine h(0).
2
Suppose 2*s + 20 = -2*s, 4*s = 4*m - 32. Let l(r) = -m*r - 7*r**2 + 8*r**2 - r - 2*r. Suppose t = -4*y - 3*t + 36, -t - 21 = -5*y. Give l(y).
-5
Let k(q) = -q**3 + 3*q + 1 - 7*q**2 - 8 + 4*q**2. Let h be (-10)/45 - (2 - (-25)/9). What is k(h)?
28
Let d(c) = -c + 20. Let p be (16/(-12) + -3)/((-2)/(-102)). Let t = -211 - p. What is d(t)?
10
Let t(g) = 2*g - 28. Let h = 43 - 28. Let w be t(h). Let x(l) = 0*l**2 + 2 + 3*l**w - 5*l**2 + 3*l. What is x(3)?
-7
Let w be 95/57*72/(-60). Let h(k) = 39*k**2 + 3*k + 1. What is h(w)?
151
Let r = 130 - 126. Let m be r/16 + 45/(-20). Let y(g) = 6*g + 4. Give y(m).
-8
Let k(m) be the first derivative of 1/3*m**3 + 13/2*m**2 + 208 - 2*m. Give k(-13).
-2
Let s(g) = -10 + 3*g + 0 - 438*g**2 + 138*g**3 - 137*g**3 + 431*g**2. Determine s(7).
11
Let y(l) = -l**2 + 4*l - 2. Let c(f) = f**2 + 10*f + 23. Suppose -4 = 4*g + 2*p, 7*g = 3*g - 5*p + 8. Let s be c(g). Determine y(s).
2
Let v = -3285 - -3280. Let p(k) = k**3 + 7*k**2 + 8*k + 4. Determine p(v).
14
Suppose -2*x = -7*x + 3*s - 55, -s = -5. Let i be (-12)/x*(-32)/(-6). Let q(a) = 4*a - 5*a + 427 + 441 - 867. What is q(i)?
-7
Let l(z) = -70 + 147*z - 17*z - 88*z - 21*z - 20*z. Determine l(64).
-6
Let u(b) = -117*b**2 - 68*b + 57. Let d(m) = -32*m**2 - 19*m + 14. Let h(y) = 11*d(y) - 3*u(y). Determine h(-8).
-41
Let m = 3774 + -3800. Let q(z) = z**2 + 24*z - 18. Give q(m).
34
Suppose 12*b = 8*b - 2*c + 52, 3*c + 34 = b. Let l(n) be the third derivative of 0 + 0*n**3 + 0*n + 1/24*n**4 + b*n**2. Calculate l(-5).
-5
Let f(l) be the third derivative of 13/24*l**4 + 0 - 23*l**2 + 0*l + 1/6*l**3. What is f(1)?
14
Let s(b) = -15*b + 331. Suppose 2*q - 2*o = 44, 13*q + 2*o = 11*q + 40. Calculate s(q).
16
Let v be 0 + (-4 - -3) + -18. Let g be 4*(-9)/144 - v/(-4). Let y(b) = -2*b - 8. What is y(g)?
2
Suppose -2*s + 26 = -2*a, -2*a + 25 = s - 6*a. Let f = s + -5. Let t(o) = -f*o - 10 + o**2 + 11 + o + 4*o - o**3. Give t(0).
1
Let t(u) be the 